 23*u - 69 = -3*h + 25*u. What is the highest common divisor of 133 and h?
7
Let q = 1012 - 1011. What is the greatest common factor of 5 and q?
1
Suppose -t - 2*t = -315. Suppose -5*w - 3*v = -60, 2*v + 25 = 6*w - 5*w. What is the greatest common divisor of w and t?
15
Let v(w) = -8*w + 19 - 4*w**2 + 6*w + 3*w**2 + 18. Let q be v(0). Calculate the greatest common factor of 296 and q.
37
Let p be (32 - (0 + -1)) + 0. Suppose x + 0*x = -5*n + 151, 3*x - p = -n. Suppose n = 17*g - 12*g. Calculate the highest common divisor of g and 6.
6
Let k(c) = 4*c**3 + 10*c - c**3 - 1 + 0 - 2*c**3. Let b be k(5). Suppose 7*m - b = m. Calculate the highest common divisor of m and 319.
29
Suppose 4 = -5*n + 2*f + 162, -116 = -4*n - f. What is the highest common divisor of n and 160?
10
Suppose -3*u - 67 = 5*z - 172, 2*u = 2*z - 26. Suppose 0 = -15*v - z + 183. What is the highest common factor of v and 88?
11
Suppose 2*w = 4*w - 814. Let i(c) = 7*c**2 + 24*c + 57. Let p be i(-2). What is the greatest common divisor of p and w?
37
Let v(s) = 2*s**3 - 10*s**2 - 12*s + 3. Let m be v(6). Suppose 0*l - m*l + 3*r = 3, 5*l - r - 3 = 0. What is the greatest common factor of 9 and l?
1
Let t = 299 + -272. What is the highest common factor of t and 513?
27
Let g(c) be the first derivative of 3*c**3 - c**2/2 + 5*c - 18. Let a be g(4). Calculate the highest common divisor of 29 and a.
29
Suppose -6*x + 10 = -14. Suppose 4*f - 33 = -3*i, -f - 4*i - 31 = -x*f. What is the highest common divisor of 6 and f?
3
Let o be 580/(-28) - (-2)/(-7). Let j be (-6)/(-9) + (-7)/o. Let w(v) = 22*v**3 - 2*v + 1. Let n be w(j). What is the greatest common divisor of n and 189?
21
Suppose -3*t = 4*c - 4535, 0*t = -4*c - t + 4541. What is the highest common factor of c and 71?
71
Let a = -9 + 12. Let z(k) = -1 - a*k - 3*k**3 + 2*k**3 + 2*k**2 + 3*k. Let u be z(-1). Calculate the highest common factor of 8 and u.
2
Let r be ((1 + 39)/(-2))/(5 + -6). What is the highest common divisor of 20 and r?
20
Let p(i) = i**3 - 23*i**2 + 43*i - 2. Let z be p(21). Calculate the highest common divisor of 171 and z.
19
Suppose -14*o = -10*o - 5*k + 11, -3*o + 9 = 2*k. Calculate the greatest common factor of o and 83.
1
Let d be 1*4 + -10*(1 + 0). Let l(m) = m**2 + 8*m + 24. Let q be l(d). Calculate the highest common divisor of 192 and q.
12
Let a be (-2)/(((-48)/404)/(-6)). Let p = -65 - a. Let x(u) = -4*u**3 + 3*u**2 - 3*u. Let d be x(-3). Calculate the greatest common factor of d and p.
36
Suppose 9*l - 5*l + 12 = 0. Let o(g) = -5*g**3 - 6*g**2 - g. Let i be o(l). What is the greatest common factor of i and 56?
28
Suppose 12*k = 7416 - 2628. What is the greatest common factor of 63 and k?
21
Let u be (1 - 5/(-4))*40/15. Calculate the highest common factor of u and 42.
6
Suppose v = -0*v - 2*y + 346, v + 3*y = 349. Calculate the highest common factor of 40 and v.
20
Suppose 10 - 7 = 3*v, 4*v = 4*z - 32. Let w(u) = -u**2 - 9*u - 10. Let d be w(-7). Suppose 104 = -d*c + 392. What is the highest common divisor of c and z?
9
Let d(x) = x**3 - 4*x**2 + x. Let b be d(4). Suppose b*c + 56 = 11*c. Calculate the highest common factor of c and 88.
8
Let m = 103 - -249. Calculate the greatest common factor of 11 and m.
11
Suppose 10*g - 15*g = 0. Suppose 12 = 3*m + 2*l, -4*m + 4*l - 4 = -g*l. What is the greatest common divisor of m and 16?
2
Let m be (-7)/((-7)/18) - (7 - 3). Calculate the highest common divisor of 6 and m.
2
Let h(g) = -3*g + 1. Let b be -1*(-4)/(-8)*10. Let z be h(b). Let i be 28 + -1 - (-1 + 4). Calculate the greatest common divisor of i and z.
8
Let p = 266 + -252. What is the highest common factor of p and 126?
14
Suppose 0 = -4*q + 90 + 6. Suppose -2*m = -j - q, -5 = -5*m - 5*j + 70. What is the greatest common divisor of 65 and m?
13
Let m(b) = b**3 - b**2 - 9*b - 1. Let v be m(-4). Let z = 165 + v. Calculate the greatest common factor of z and 40.
40
Suppose -v - 5*i = 0, 0*i + 18 = 4*v + 2*i. Let r(o) = 7 - 2 + 7*o + 5*o + 7. Let g be r(v). What is the highest common factor of 8 and g?
8
Suppose 18*b - 165 = 285. What is the greatest common divisor of b and 55?
5
Let i(n) = -1693*n**3 + 2*n**2 - 8*n - 8. Let d be i(-1). Calculate the greatest common factor of d and 15.
15
Let h = 268 + 276. What is the greatest common factor of h and 34?
34
Let c(k) = -k - 1. Let x be c(-4). Suppose 0 = 4*a + 5*h - 20, -a - a + 4*h = 16. Suppose -3 = -a*g - g. What is the highest common divisor of x and g?
3
Let z(k) = -2*k - 41 + 38 + 15*k. Let p be z(3). Calculate the highest common factor of p and 9.
9
Let a be 4/(16/(-20)) + (228 - -5). Calculate the highest common factor of a and 36.
12
Suppose -2*a + 4*m + 112 = 0, 4*a - 47*m + 44*m = 204. Calculate the highest common divisor of 160 and a.
16
Let p(r) = -r**2 - 1. Let v(t) = -t**2 - 2. Let s(h) = -7*p(h) + 4*v(h). Let k be s(-1). What is the greatest common divisor of 18 and k?
2
Let n(k) = -6*k - 4. Let s be n(-6). Let a be (-7 + 2)/((-2)/2). Suppose 74 = a*v - 2*g, 6 - 76 = -4*v - 2*g. Calculate the highest common factor of s and v.
16
Let b = -50 + 149. What is the greatest common divisor of 44 and b?
11
Let n = 40 - 35. Suppose 0 = -3*i + n*a + 27, 3 = 3*i - 4*a - 21. Calculate the greatest common factor of 32 and i.
4
Let j(c) = -c + 4. Let z be j(0). Let i be 2 + z/6*3. Suppose 3*y = -5*m + 170 + 30, -i*m + 160 = -2*y. Calculate the greatest common factor of m and 4.
4
Suppose -6*y = -13*y + 210. Let q = y - -39. Suppose -163 = -3*b - 5*z, -40 - 185 = -5*b + z. What is the greatest common divisor of q and b?
23
Let i(d) = 184*d - 143. Let k be i(6). Calculate the greatest common divisor of k and 31.
31
Let u be (1 + 1)/(6/99). Let n = 60 - 53. Suppose 2*p - 27 = -n*p. Calculate the highest common factor of p and u.
3
Suppose -4*d - 2*c = -71 - 17, 80 = 5*d - 5*c. Let k = 30 - d. What is the greatest common factor of k and 20?
10
Suppose -b = -4*g - 950, 2510 + 1251 = 4*b - 3*g. Calculate the greatest common factor of 14 and b.
14
Let u be (1 + -5)*1 - 24/(-2). Suppose 5*h = -2*s + 74, -4*h = -8*h - u. Calculate the highest common factor of 28 and s.
14
Let r = -23 - -23. Suppose r = 2*l - 3*l + 3. Suppose 5*s + 23 = l*c - 18, c - 25 = -4*s. Calculate the highest common divisor of c and 68.
17
Let z = -30 - -289. What is the greatest common divisor of z and 37?
37
Let h be (3/6)/(((-3)/(-18))/1). Suppose h*v + 22 = 70. What is the highest common factor of v and 16?
16
Let r = 136 - 105. Suppose 0 = -10*s - 11 + r. Calculate the highest common divisor of 18 and s.
2
Let m = -21 - -58. Calculate the greatest common factor of 407 and m.
37
Let y = -198 - -213. What is the highest common divisor of 75 and y?
15
Suppose -5*a - 53 = -x, 2*x + 2*a = 26 + 140. Calculate the greatest common factor of 39 and x.
39
Let a = 430 + -397. What is the highest common divisor of 3 and a?
3
Let d = -44 + 47. Let n be (d + (-4 - 51))/(-2). Calculate the greatest common divisor of n and 13.
13
Let u(h) = 5*h + 2. Let x be u(-4). Let n be 102/18 + -5 - 85/(-3). Let b = x + n. Calculate the highest common factor of 44 and b.
11
Suppose -2*o - 3*o + 15 = 0. Let q = 2539 + -2512. What is the highest common divisor of q and o?
3
Let g(h) = 4*h**3 - 10*h**2 + 8*h - 26. Let f be g(4). Calculate the greatest common divisor of 42 and f.
6
Let j be (4/5)/((-4)/(-10)). Suppose -5*g + 20 = -5*v, 0*g + j*g = 4*v + 12. Suppose g*a - 54 = -0. What is the greatest common divisor of 3 and a?
3
Let f be 0*(0/3 - -1). Let c = 11 + 0. Suppose f = -c*x + 12*x - 8. What is the greatest common factor of x and 4?
4
Let a = 206 - 140. What is the highest common divisor of 88 and a?
22
Let p(d) be the second derivative of d**3 - d**2 - 15*d. Let y be p(5). What is the highest common factor of 42 and y?
14
Let u be (780/210)/((-2)/(-14)). What is the highest common factor of u and 65?
13
Let f be 4/(-5)*-1 + (-1560)/(-50). Calculate the greatest common factor of 160 and f.
32
Suppose -7*g + 2*g + 660 = 0. Let z(u) = -u + 24. Let w be z(23). Let p be w - -7 - 16/(-4). What is the highest common divisor of g and p?
12
Suppose 4*h - 73 = 31. Suppose -47 + 8 = -3*g. What is the highest common divisor of h and g?
13
Let d be (-350)/(-5)*(5 + -4). Let f(y) = 29*y - 1. Let z be f(1). What is t